{"id":4983,"date":"2016-03-29T22:49:53","date_gmt":"2016-03-29T20:49:53","guid":{"rendered":"http:\/\/www.mega-stoffel.de\/weblog\/?page_id=4983"},"modified":"2016-03-29T22:49:53","modified_gmt":"2016-03-29T20:49:53","slug":"kleinigkeiten","status":"publish","type":"page","link":"https:\/\/mega-stoffel.de\/weblog\/garmin-erfahrungen\/kleinigkeiten\/","title":{"rendered":"Kleinigkeiten"},"content":{"rendered":"<p>hier noch ein paar Kleinigkeiten, die auch unerkl\u00e4rlich sind:<\/p>\n<p><strong>Ausrichtung:<\/strong><br \/>\nich benutze das\u00a0Garmin Edge 1000 zur Zeit haupts\u00e4chlich an zwei verschiedenen Fahrr\u00e4dern. Bei einem kann ich es Hochkant anbringen, beim anderen nur im Querformat. An beide Anzeigen wurde gedacht und man kann (und muss) sie auch manuell umschalten. Jedes Mal f\u00fcnf Bedienungs-Schritte im Men\u00fc, je nach aktuellem Format muss ich auch noch scrollen. Und die gleichen f\u00fcnf Schritte muss ich auch wieder zur\u00fcck klicken.<br \/>\nDie beste L\u00f6sung w\u00e4re doch gewesen, einen Lage-Sensor einzubauen, wie er heutzutage in jedem\u00a0mobilen Ger\u00e4t eingebaut ist. Alternativ h\u00e4tte ich ja noch damit leben k\u00f6nnen, wenn die Ausrichtung sich am Profil festlegen lie\u00dfe oder einfach auf der Statusseite\u00a0umschaltbar w\u00e4re.<\/p>\n<p><strong>Synchronisierung:<br \/>\n<\/strong>Seit neustem zeigt mir die Garmin Connect Homepage st\u00e4ndig noch ein zu synchronisierendes Element an (wozu japanische Bin\u00e4rdaten synchronisiert werden sollen hinterfrage ich schon gar nicht), kann oder will es dann aber nicht machen; ohne Fehler- oder sonstige Meldung.<br \/>\n<img loading=\"lazy\" decoding=\"async\" class=\"alignnone size-full wp-image-4990\" src=\"http:\/\/www.mega-stoffel.de\/weblog\/wp-content\/uploads\/2016\/03\/Synchronisierung.png\" alt=\"Garmin Connect will irgendwas synchronisieren....\" width=\"463\" height=\"248\" \/><br \/>\nBeim Klick auf &#8222;Jetzt senden&#8220; \u00f6ffnet sich ordnungsgem\u00e4\u00df das Programm Garmin Express und tut so, als ob es synchronisieren w\u00fcrde. Mit dem Ziel: &#8222;Alles ist auf dem aktuellen Stand!&#8220;<br \/>\n<img loading=\"lazy\" decoding=\"async\" class=\"alignnone size-full wp-image-4989\" src=\"http:\/\/www.mega-stoffel.de\/weblog\/wp-content\/uploads\/2016\/03\/GarminExpress.png\" alt=\"Garmin Express (angeblich) auf dem aktuellen Stand!\" width=\"621\" height=\"419\" \/><\/p>\n<p><strong>Aktivit\u00e4tsprofile:<\/strong><br \/>\nIch habe zwei Aktivit\u00e4tsprofile:<\/p>\n<ul>\n<li>Rennrad in blau<\/li>\n<li>Rennrad Navi in t\u00fcrkis<\/li>\n<\/ul>\n<p>Jetzt die spannende Frage: Warum wird mir manchmal eine Mischung aus beidem angezeigt? Ein t\u00fcrkises Rennrad Aktivit\u00e4tsprofil? Das gibt es definitiv nicht &#8211; was soll denn das?<br \/>\n<a href=\"http:\/\/www.mega-stoffel.de\/weblog\/wp-content\/uploads\/2016\/03\/12.bmp\" rel=\"attachment wp-att-4984\"><img loading=\"lazy\" decoding=\"async\" class=\"alignnone size-full wp-image-4984\" src=\"http:\/\/www.mega-stoffel.de\/weblog\/wp-content\/uploads\/2016\/03\/12.bmp\" alt=\"Garmin Edge 1000 Aktivit\u00e4t \/3\" width=\"240\" height=\"400\" \/><\/a><br \/>\n<img loading=\"lazy\" decoding=\"async\" class=\"alignnone size-full wp-image-4985\" src=\"http:\/\/www.mega-stoffel.de\/weblog\/wp-content\/uploads\/2016\/03\/18.bmp\" alt=\"Garmin Edge 1000 Aktivit\u00e4t \/2\" width=\"240\" height=\"400\" \/> <img loading=\"lazy\" decoding=\"async\" class=\"alignnone size-full wp-image-4986\" src=\"http:\/\/www.mega-stoffel.de\/weblog\/wp-content\/uploads\/2016\/03\/20.bmp\" alt=\"Garmin Edge 1000 Aktivit\u00e4t \/1\" width=\"240\" height=\"400\" \/><\/p>\n<p><strong>Abst\u00fcrze:<br \/>\n<\/strong>Inzwischen ist mir das Ger\u00e4t schon zweimal abgest\u00fcrzt. Gerade jetzt, da ich diese Zeilen hier schreibe und damit etwas rumspiele, einmal als ich eine Tour starten wollte. Es hat einfach nicht mehr reagiert und genau an dem Tag hatte ich auch kein Handy dabei um im Internet nach einer L\u00f6sung daf\u00fcr suchen zu k\u00f6nnen (einfach 10sek den An\/Ausschalter dr\u00fccken) oder meine Tour damit aufzeichnen zu k\u00f6nnen.<\/p>\n<p><strong>Screenshots:<\/strong><br \/>\nBeim Schreiben dieser Zeilen, und vor allem beim Aufnehmen dieser Screenshots f\u00e4llt mir auf, dass es BMP Daten sind. Na klar, das kann man machen &#8211; aber verlustfrei komprimierte PNG-Dateien w\u00e4ren f\u00fcr solche Zwecke doch viel geschickter und nur ca. ein sechstel so gro\u00df.<\/p>\n","protected":false},"excerpt":{"rendered":"<p>hier noch ein paar Kleinigkeiten, die auch unerkl\u00e4rlich sind: Ausrichtung: ich benutze das\u00a0Garmin Edge 1000 zur Zeit haupts\u00e4chlich an zwei verschiedenen Fahrr\u00e4dern. Bei einem kann ich es Hochkant anbringen, beim anderen nur im Querformat. An beide Anzeigen wurde gedacht und man kann (und muss) sie auch manuell umschalten. Jedes Mal f\u00fcnf Bedienungs-Schritte im Men\u00fc, je [&hellip;]<\/p>\n","protected":false},"author":1,"featured_media":0,"parent":4967,"menu_order":0,"comment_status":"closed","ping_status":"closed","template":"","meta":{"activitypub_content_warning":"","activitypub_content_visibility":"","activitypub_max_image_attachments":4,"activitypub_interaction_policy_quote":"anyone","activitypub_status":"","footnotes":""},"class_list":["post-4983","page","type-page","status-publish","hentry"],"_links":{"self":[{"href":"https:\/\/mega-stoffel.de\/weblog\/wp-json\/wp\/v2\/pages\/4983","targetHints":{"allow":["GET"]}}],"collection":[{"href":"https:\/\/mega-stoffel.de\/weblog\/wp-json\/wp\/v2\/pages"}],"about":[{"href":"https:\/\/mega-stoffel.de\/weblog\/wp-json\/wp\/v2\/types\/page"}],"author":[{"embeddable":true,"href":"https:\/\/mega-stoffel.de\/weblog\/wp-json\/wp\/v2\/users\/1"}],"replies":[{"embeddable":true,"href":"https:\/\/mega-stoffel.de\/weblog\/wp-json\/wp\/v2\/comments?post=4983"}],"version-history":[{"count":0,"href":"https:\/\/mega-stoffel.de\/weblog\/wp-json\/wp\/v2\/pages\/4983\/revisions"}],"up":[{"embeddable":true,"href":"https:\/\/mega-stoffel.de\/weblog\/wp-json\/wp\/v2\/pages\/4967"}],"wp:attachment":[{"href":"https:\/\/mega-stoffel.de\/weblog\/wp-json\/wp\/v2\/media?parent=4983"}],"curies":[{"name":"wp","href":"https:\/\/api.w.org\/{rel}","templated":true}]}}