{"id":5003,"date":"2016-03-30T00:28:58","date_gmt":"2016-03-29T22:28:58","guid":{"rendered":"http:\/\/www.mega-stoffel.de\/weblog\/?page_id=5003"},"modified":"2016-03-30T00:28:58","modified_gmt":"2016-03-29T22:28:58","slug":"herzfrequenzmesser","status":"publish","type":"page","link":"https:\/\/mega-stoffel.de\/weblog\/garmin-erfahrungen\/herzfrequenzmesser\/","title":{"rendered":"Herzfrequenzmesser"},"content":{"rendered":"<p>der Herzfrequenz-Messer, der in dem Bundle mit dabei war, nutzt das ANT+ Protokoll und sollte damit auch in jedem Fitness-Studio problemlos benutzbar sein. Beim ersten Mal, als ich es ausprobierte, scheint er einen ziemlichen Schaden bekommen zu haben. Nichts ging mehr. Ich konnte das Garmin Edge 1000 nicht mehr mit dem\u00a0Pulsgurt verbinden. Wie immer: es gab keinerlei Meldungen, was denn nun das Problem ist. Es ging einfach nix mehr. Erst nach tagelangem Rumprobieren, Batterien wechseln, Brustgurt wechseln, Computer wechseln ging es irgendwann wieder. Ohne erkennbarem Grund. In diesem Fitness-Studio geht mein Pulsgurt immer noch nicht, aber wenigstens st\u00fcrzt er jetzt nicht mehr ab. Erkl\u00e4ren kann das niemand, denn alle anderen\u00a0ANT+ Ger\u00e4te funktionieren dort einwandfrei.<br \/>\nBei einer anderen Fahrt hat dieser Pulsgurt (wohlgemerkt mit ziemlich neuer Batterie) einfach <a href=\"https:\/\/www.strava.com\/activities\/527374214\/analysis\" target=\"_blank\">mittendrin<\/a> aufgeh\u00f6rt zu funktionieren. Bei der n\u00e4chsten Fahrt war wieder alles in Ordnung.<br \/>\nKlar &#8211; ich bin kein Profi und fahre auch nicht\u00a0nach irgendwelchen Puls-Bereichen (geschweige denn, dass ich w\u00fcsste, was ich hier sinnvoll einstellen sollte). Allerdings habe ich schon die Erwartung, dass die Technik auch gr\u00f6\u00dftenteils fehlerfrei funktioniert. Und wer wei\u00df &#8211; wenn sie irgendwann tats\u00e4chlich mal verl\u00e4sslich funktionieren sollte, k\u00f6nnte ich ja mal eine Leistungs-Diagnose machen und mir meine verschiedenen Pulsbereiche analysieren und erkl\u00e4ren lassen.<\/p>\n","protected":false},"excerpt":{"rendered":"<p>der Herzfrequenz-Messer, der in dem Bundle mit dabei war, nutzt das ANT+ Protokoll und sollte damit auch in jedem Fitness-Studio problemlos benutzbar sein. Beim ersten Mal, als ich es ausprobierte, scheint er einen ziemlichen Schaden bekommen zu haben. Nichts ging mehr. Ich konnte das Garmin Edge 1000 nicht mehr mit dem\u00a0Pulsgurt verbinden. Wie immer: es [&hellip;]<\/p>\n","protected":false},"author":1,"featured_media":0,"parent":4967,"menu_order":0,"comment_status":"closed","ping_status":"closed","template":"","meta":{"activitypub_content_warning":"","activitypub_content_visibility":"","activitypub_max_image_attachments":4,"activitypub_interaction_policy_quote":"anyone","activitypub_status":"","footnotes":""},"class_list":["post-5003","page","type-page","status-publish","hentry"],"_links":{"self":[{"href":"https:\/\/mega-stoffel.de\/weblog\/wp-json\/wp\/v2\/pages\/5003","targetHints":{"allow":["GET"]}}],"collection":[{"href":"https:\/\/mega-stoffel.de\/weblog\/wp-json\/wp\/v2\/pages"}],"about":[{"href":"https:\/\/mega-stoffel.de\/weblog\/wp-json\/wp\/v2\/types\/page"}],"author":[{"embeddable":true,"href":"https:\/\/mega-stoffel.de\/weblog\/wp-json\/wp\/v2\/users\/1"}],"replies":[{"embeddable":true,"href":"https:\/\/mega-stoffel.de\/weblog\/wp-json\/wp\/v2\/comments?post=5003"}],"version-history":[{"count":0,"href":"https:\/\/mega-stoffel.de\/weblog\/wp-json\/wp\/v2\/pages\/5003\/revisions"}],"up":[{"embeddable":true,"href":"https:\/\/mega-stoffel.de\/weblog\/wp-json\/wp\/v2\/pages\/4967"}],"wp:attachment":[{"href":"https:\/\/mega-stoffel.de\/weblog\/wp-json\/wp\/v2\/media?parent=5003"}],"curies":[{"name":"wp","href":"https:\/\/api.w.org\/{rel}","templated":true}]}}