{"id":8880,"date":"2018-03-07T01:00:47","date_gmt":"2018-03-07T00:00:47","guid":{"rendered":"https:\/\/mega-stoffel.de\/weblog\/?page_id=8880"},"modified":"2018-03-07T01:07:24","modified_gmt":"2018-03-07T00:07:24","slug":"brodie-elan-vital","status":"publish","type":"page","link":"https:\/\/mega-stoffel.de\/weblog\/fahrrad\/brodie-elan-vital\/","title":{"rendered":"Brodie Elan Vital"},"content":{"rendered":"<p><img loading=\"lazy\" decoding=\"async\" class=\"alignnone size-full wp-image-6068\" src=\"https:\/\/mega-stoffel.de\/weblog\/wp-content\/uploads\/2017\/07\/IMG_20170703_224915.jpg\" alt=\"\" width=\"1000\" height=\"637\" srcset=\"https:\/\/mega-stoffel.de\/weblog\/wp-content\/uploads\/2017\/07\/IMG_20170703_224915.jpg 1000w, https:\/\/mega-stoffel.de\/weblog\/wp-content\/uploads\/2017\/07\/IMG_20170703_224915-300x191.jpg 300w, https:\/\/mega-stoffel.de\/weblog\/wp-content\/uploads\/2017\/07\/IMG_20170703_224915-768x489.jpg 768w, https:\/\/mega-stoffel.de\/weblog\/wp-content\/uploads\/2017\/07\/IMG_20170703_224915-624x397.jpg 624w\" sizes=\"auto, (max-width: 1000px) 100vw, 1000px\" \/><br \/>\nf\u00fcr die Durchquerung Kanadas habe ich mir dieses Brodie Elan Vital zugelegt (<a href=\"http:\/\/www.brodiebikes.com\/2017\/bikes\/elan_vital.php\" target=\"_blank\" rel=\"noopener\">Hersteller-Seite<\/a>).<br \/>\nEs hat Anteile eines klassischen Reiserades (z.B. Stahlrahmen), ist dabei aber aber durchaus auch daf\u00fcr ausgelegt, noch relativ z\u00fcgig voranzukommen.<br \/>\nAngepasst habe ich an dem Rad mehr oder weniger nichts, ich habe nur einen Shimano-Nabendynamo einbauen lassen und einen USB-Anschluss von Wattgeizer (<a href=\"https:\/\/www.wattgeizer.com\/cycle2charge-v2\" target=\"_blank\" rel=\"noopener\">Link<\/a>) montiert. Der Radladen hat mir ungefragt noch die besseren Schwalbe Marathon Reifen (in 32) montiert.<br \/>\nNach etwa der H\u00e4lfte der Strecke habe ich bei Thunder Bay Probleme mit tauben Fingern (Ring- und kleiner Finger) bekommen und dann den Vorbau ge\u00e4ndert. Der Brooks-Gummisattel war gerade noch so in Ordnung, allerdings h\u00e4tte ich ihn gewechselt, wenn ich das Rad weiter gefahren w\u00e4re.<\/p>\n<p><span style=\"font-size: 1rem;\">Das Rad habe ich am Ende der Tour in Halifax wieder verkauft, da ich danach nicht zur\u00fcck nach Deutschland gereist bin, sondern nach S\u00fcdostasien und dort ohne Rad unterwegs sein wollte.<\/span><\/p>\n","protected":false},"excerpt":{"rendered":"<p>f\u00fcr die Durchquerung Kanadas habe ich mir dieses Brodie Elan Vital zugelegt (Hersteller-Seite). Es hat Anteile eines klassischen Reiserades (z.B. Stahlrahmen), ist dabei aber aber durchaus auch daf\u00fcr ausgelegt, noch relativ z\u00fcgig voranzukommen. Angepasst habe ich an dem Rad mehr oder weniger nichts, ich habe nur einen Shimano-Nabendynamo einbauen lassen und einen USB-Anschluss von Wattgeizer [&hellip;]<\/p>\n","protected":false},"author":1,"featured_media":0,"parent":5387,"menu_order":9,"comment_status":"closed","ping_status":"closed","template":"","meta":{"activitypub_content_warning":"","activitypub_content_visibility":"","activitypub_max_image_attachments":4,"activitypub_interaction_policy_quote":"anyone","activitypub_status":"","footnotes":""},"class_list":["post-8880","page","type-page","status-publish","hentry"],"_links":{"self":[{"href":"https:\/\/mega-stoffel.de\/weblog\/wp-json\/wp\/v2\/pages\/8880","targetHints":{"allow":["GET"]}}],"collection":[{"href":"https:\/\/mega-stoffel.de\/weblog\/wp-json\/wp\/v2\/pages"}],"about":[{"href":"https:\/\/mega-stoffel.de\/weblog\/wp-json\/wp\/v2\/types\/page"}],"author":[{"embeddable":true,"href":"https:\/\/mega-stoffel.de\/weblog\/wp-json\/wp\/v2\/users\/1"}],"replies":[{"embeddable":true,"href":"https:\/\/mega-stoffel.de\/weblog\/wp-json\/wp\/v2\/comments?post=8880"}],"version-history":[{"count":1,"href":"https:\/\/mega-stoffel.de\/weblog\/wp-json\/wp\/v2\/pages\/8880\/revisions"}],"predecessor-version":[{"id":8881,"href":"https:\/\/mega-stoffel.de\/weblog\/wp-json\/wp\/v2\/pages\/8880\/revisions\/8881"}],"up":[{"embeddable":true,"href":"https:\/\/mega-stoffel.de\/weblog\/wp-json\/wp\/v2\/pages\/5387"}],"wp:attachment":[{"href":"https:\/\/mega-stoffel.de\/weblog\/wp-json\/wp\/v2\/media?parent=8880"}],"curies":[{"name":"wp","href":"https:\/\/api.w.org\/{rel}","templated":true}]}}